{"id":313,"date":"2019-05-11T19:22:23","date_gmt":"2019-05-11T17:22:23","guid":{"rendered":"https:\/\/gmgs.ch\/?page_id=313"},"modified":"2019-05-12T12:48:24","modified_gmt":"2019-05-12T10:48:24","slug":"zuechter-greyhounds","status":"publish","type":"page","link":"https:\/\/gmgs.ch\/?page_id=313","title":{"rendered":"Z\u00fcchter Greyhounds"},"content":{"rendered":"\n<p><strong>CHELSEA <\/strong><br> F. + E. Wirthlin 4657 Dulliken<\/p>\n\n\n\n<p> <strong>CAMELOT&#8217;S LEGEND<\/strong> <br> J. + M. Fischer A-3180 Lilienfeld<\/p>\n\n\n\n<p><strong>DES TROIS CH\u00caNES <\/strong><br> Paul Ch\u00e2telain 1052 Le Mont      <\/p>\n\n\n\n<p><strong><a rel=\"noreferrer noopener\" aria-label=\" (\u00f6ffnet in neuem Tab)\" href=\"https:\/\/www.goldenblue.ch\/\" target=\"_blank\">GOLDENBLUE<\/a><\/strong><a rel=\"noreferrer noopener\" aria-label=\" (\u00f6ffnet in neuem Tab)\" href=\"https:\/\/www.goldenblue.ch\/\" target=\"_blank\"> <\/a><br> Fam. Weidmann\/B\u00e4nziger 9011 St. Gallen   <\/p>\n\n\n\n<p><strong>BLACKBURN&#8217;s <\/strong><br> J. H\u00e4fliger 3185 Schmitten      <strong> <\/strong><\/p>\n\n\n\n<p><strong>GOLDENQUEEN <\/strong><br> Gertrud Z\u00fcrcher 1552 Trey      <\/p>\n\n\n\n<p> <strong><a rel=\"noreferrer noopener\" aria-label=\" (\u00f6ffnet in neuem Tab)\" href=\"https:\/\/www.tierpension-fisibach.ch\/greyhounds\/\" target=\"_blank\">MOJAVE&#8217;s <\/a><\/strong><br> Gaby Br\u00fchwiler 5467 Fisibach    <\/p>\n\n\n\n<p><strong> <a rel=\"noreferrer noopener\" aria-label=\"PRETTY SUE'S  (\u00f6ffnet in neuem Tab)\" href=\"https:\/\/www.reggaenight.org\" target=\"_blank\">PRETTY SUE&#8217;S<\/a><\/strong><a rel=\"noreferrer noopener\" aria-label=\"PRETTY SUE'S  (\u00f6ffnet in neuem Tab)\" href=\"https:\/\/www.reggaenight.org\" target=\"_blank\"> <\/a><br> Walter Br\u00e4ndle 8962 Bergdietikon<\/p>\n\n\n\n<p> <strong><a rel=\"noreferrer noopener\" aria-label=\" (\u00f6ffnet in neuem Tab)\" href=\"http:\/\/resin-farm.ch\/\" target=\"_blank\">RESIN FARM <\/a><\/strong><br> Yvonne Hostettler 5040 Sch\u00f6ftland      <\/p>\n\n\n\n<p> <strong>ROMY&#8217;S HOME <\/strong><br> Romy Roth 5746 Walterswil<\/p>\n","protected":false},"excerpt":{"rendered":"<p>CHELSEA F. + E. Wirthlin 4657 Dulliken CAMELOT&#8217;S LEGEND J. + M. Fischer A-3180 Lilienfeld DES TROIS CH\u00caNES Paul Ch\u00e2telain 1052 Le Mont GOLDENBLUE Fam. Weidmann\/B\u00e4nziger 9011 St. Gallen BLACKBURN&#8217;s J. H\u00e4fliger 3185 Schmitten GOLDENQUEEN Gertrud Z\u00fcrcher 1552 Trey MOJAVE&#8217;s Gaby Br\u00fchwiler 5467 Fisibach PRETTY SUE&#8217;S Walter Br\u00e4ndle 8962 Bergdietikon RESIN FARM Yvonne Hostettler 5040 &hellip; <a href=\"https:\/\/gmgs.ch\/?page_id=313\" class=\"more-link\"><span class=\"screen-reader-text\">&#8220;Z\u00fcchter Greyhounds&#8221; <\/span>weiterlesen<\/a><\/p>\n","protected":false},"author":1,"featured_media":0,"parent":0,"menu_order":0,"comment_status":"closed","ping_status":"closed","template":"","meta":{"footnotes":""},"class_list":["post-313","page","type-page","status-publish","hentry"],"_links":{"self":[{"href":"https:\/\/gmgs.ch\/index.php?rest_route=\/wp\/v2\/pages\/313","targetHints":{"allow":["GET"]}}],"collection":[{"href":"https:\/\/gmgs.ch\/index.php?rest_route=\/wp\/v2\/pages"}],"about":[{"href":"https:\/\/gmgs.ch\/index.php?rest_route=\/wp\/v2\/types\/page"}],"author":[{"embeddable":true,"href":"https:\/\/gmgs.ch\/index.php?rest_route=\/wp\/v2\/users\/1"}],"replies":[{"embeddable":true,"href":"https:\/\/gmgs.ch\/index.php?rest_route=%2Fwp%2Fv2%2Fcomments&post=313"}],"version-history":[{"count":2,"href":"https:\/\/gmgs.ch\/index.php?rest_route=\/wp\/v2\/pages\/313\/revisions"}],"predecessor-version":[{"id":372,"href":"https:\/\/gmgs.ch\/index.php?rest_route=\/wp\/v2\/pages\/313\/revisions\/372"}],"wp:attachment":[{"href":"https:\/\/gmgs.ch\/index.php?rest_route=%2Fwp%2Fv2%2Fmedia&parent=313"}],"curies":[{"name":"wp","href":"https:\/\/api.w.org\/{rel}","templated":true}]}}