{"id":311,"date":"2019-05-11T19:21:24","date_gmt":"2019-05-11T17:21:24","guid":{"rendered":"https:\/\/gmgs.ch\/?page_id=311"},"modified":"2019-05-12T12:49:47","modified_gmt":"2019-05-12T10:49:47","slug":"zuechter-magar-agars","status":"publish","type":"page","link":"https:\/\/gmgs.ch\/?page_id=311","title":{"rendered":"Z\u00fcchter Magar Agars"},"content":{"rendered":"\n<h2 class=\"wp-block-heading\"><strong>Mayar Agars<\/strong><\/h2>\n\n\n\n<p><strong>SMILING ROSE&#8217;s<\/strong><br>D\u00e9sir\u00e9e Singenberger 8587 Oberaach      <\/p>\n\n\n\n<p><strong><a href=\"http:\/\/www.magyaragar.eu\" target=\"_blank\" rel=\"noreferrer noopener\" aria-label=\"SZELEK KIRALYA (\u00f6ffnet in neuem Tab)\">SZELEK KIRALYA<\/a><\/strong><br>Waltraud Sporer A-6283 Hippach<\/p>\n\n\n\n<p><strong>GOLDENQUEEN&#8217;s<\/strong><br>Gertrud Z\u00fcrcher 1552 Trey<\/p>\n","protected":false},"excerpt":{"rendered":"<p>Mayar Agars SMILING ROSE&#8217;sD\u00e9sir\u00e9e Singenberger 8587 Oberaach SZELEK KIRALYAWaltraud Sporer A-6283 Hippach GOLDENQUEEN&#8217;sGertrud Z\u00fcrcher 1552 Trey<\/p>\n","protected":false},"author":1,"featured_media":0,"parent":0,"menu_order":0,"comment_status":"closed","ping_status":"closed","template":"","meta":{"footnotes":""},"class_list":["post-311","page","type-page","status-publish","hentry"],"_links":{"self":[{"href":"https:\/\/gmgs.ch\/index.php?rest_route=\/wp\/v2\/pages\/311","targetHints":{"allow":["GET"]}}],"collection":[{"href":"https:\/\/gmgs.ch\/index.php?rest_route=\/wp\/v2\/pages"}],"about":[{"href":"https:\/\/gmgs.ch\/index.php?rest_route=\/wp\/v2\/types\/page"}],"author":[{"embeddable":true,"href":"https:\/\/gmgs.ch\/index.php?rest_route=\/wp\/v2\/users\/1"}],"replies":[{"embeddable":true,"href":"https:\/\/gmgs.ch\/index.php?rest_route=%2Fwp%2Fv2%2Fcomments&post=311"}],"version-history":[{"count":2,"href":"https:\/\/gmgs.ch\/index.php?rest_route=\/wp\/v2\/pages\/311\/revisions"}],"predecessor-version":[{"id":373,"href":"https:\/\/gmgs.ch\/index.php?rest_route=\/wp\/v2\/pages\/311\/revisions\/373"}],"wp:attachment":[{"href":"https:\/\/gmgs.ch\/index.php?rest_route=%2Fwp%2Fv2%2Fmedia&parent=311"}],"curies":[{"name":"wp","href":"https:\/\/api.w.org\/{rel}","templated":true}]}}